8 = -3*t, 0 = -2*t - 4*i - 928. Let v be 0 - 6/(-3) - 34. What are the prime factors of t/v + (-1)/4?
2, 7
Suppose -27 = 10*t - 597. What are the prime factors of t?
3, 19
Let l(o) = -o**3 - o**2 + o - 1. Let u be l(-2). Suppose u + 4 = p. What are the prime factors of p?
5
Let t be (5 + -14)*4/6. Let i(z) = z**3 + 7*z**2 + 7*z + 8. Let c be i(t). Suppose -4*x = 4, c*u - 4*x + 3 = 11. List the prime factors of u.
2
Let a be -1*((4 - 1) + -8). Suppose -a*x = -2*m - 90, -4*x + 64 = 5*m - 8. What are the prime factors of x?
2, 3
Let x = -4 - -5. Suppose -10 = -3*q - x. What are the prime factors of q?
3
Suppose p + 133 = 4*f, 0 = 2*f - 2*p - 0*p - 68. List the prime factors of f.
3, 11
Suppose -4*r + 2 = 6. What are the prime factors of ((29 + -2)/r)/(-1)?
3
Let q = -42 - -18. Let t = q - -37. List the prime factors of t.
13
What are the prime factors of (2 - (-6)/(-12))/(3/226)?
113
Let b(j) = 2*j - 5. Let t be b(4). Suppose 0*i - t*i + 24 = 0. List the prime factors of i.
2
Let z = -179 + 499. What are the prime factors of z?
2, 5
Suppose 3*o + 3*x - 156 = 0, -3*o = -5*x - 80 - 84. List the prime factors of o.
53
Suppose 0*l = 5*l - 405. List the prime factors of l.
3
Suppose -4*m = 5*d - 13, -4*d + 6 = m - 0*m. List the prime factors of 8 + -1*(d + -2).
3
Let s(n) = -3*n + 6. Let m be s(4). Let u be ((-4)/6)/(8/(-144)). What are the prime factors of m/9 - (-56)/u?
2
Let w(h) = 2*h - 5. Suppose -2*z = -3*z + 4. What are the prime factors of w(z)?
3
Let r(o) = -o**3 - 6*o**2 - 6*o - 5. Let q be r(-5). Suppose q*j - 35 = -5*j. What are the prime factors of j?
7
Suppose 2*q - 9 = -3. Suppose -q*m + 32 = m. What are the prime factors of m?
2
Let b = -14 + 8. Let f be (-4)/b*(-2 - -5). Suppose 3*t - 3*s - 47 = -5, 5*t + f*s = 49. What are the prime factors of t?
11
Suppose -3*h + 6*h = -3*j - 1377, 4*h - 4*j + 1812 = 0. What are the prime factors of h/(-20) - 1/(-5)?
23
Let i = -26 - -44. What are the prime factors of i?
2, 3
Let b be -4 - (-12)/(16/4). What are the prime factors of 49*(2 + -2 - b)?
7
Let c be 4/6 + 2/6. Suppose -z - c = 4. Let m(j) = -j**3 - 5*j**2 - j + 3. What are the prime factors of m(z)?
2
Suppose -s - s = 2*i - 34, -5*s + 3*i + 93 = 0. Let h = -7 + s. List the prime factors of h.
11
Let l be (1/(-2))/((-1)/(-30)). List the prime factors of (-4)/(4/l) - 0.
3, 5
Let o(a) = 6*a**3 + a**2 + 3. List the prime factors of o(3).
2, 3, 29
Let m(q) = -15*q + 4. Let a(k) = 209*k - 57. Let t(o) = 4*a(o) + 57*m(o). What are the prime factors of t(-1)?
19
Suppose -5*q - 4 + 29 = 0. Let w(l) = 84*l**3 + l**2 - l + 1. Let c be w(1). Suppose -25 = q*b - c. List the prime factors of b.
2, 3
Let k(c) = 6*c**3 + 2*c**3 + c**3 + 3 + 3*c - 8*c**3 + 5*c**2. Let r be k(-3). Let w = 20 - r. What are the prime factors of w?
2
List the prime factors of (-6)/4 - 34/(-4).
7
Suppose 0*z = -5*z + 95. Suppose -2*y - z - 37 = 0. What are the prime factors of y/(-5) - 2/(-5)?
2, 3
Let i = 3 - -8. What are the prime factors of i?
11
Let o(l) = -l**3 + 3*l**2 + 4*l + 4. Let d be o(4). Suppose 3*s + d = 13. Suppose -s*m + 7*m = 20. What are the prime factors of m?
5
Suppose -4*x + 9*x = 0. Suppose x*q = -q - 4. Let d = q + 18. What are the prime factors of d?
2, 7
Let d be 7 - ((-6)/(-3) - 0). Suppose -d*z - 22 + 52 = 0. What are the prime factors of z?
2, 3
Let q = -6 - -9. What are the prime factors of 312/16*2/q?
13
Suppose 2*u - 5*u - 6 = 0. Let t be u + (0 - 7) + -3. What are the prime factors of (-177)/t + (-6)/8?
2, 7
Suppose u + 3*u + 5*o - 19 = 0, 59 = 4*u - 3*o. Let w = 4 - 3. List the prime factors of u + (w + 0)/(-1).
2, 5
Let y = -437 - -623. List the prime factors of y.
2, 3, 31
Suppose 0 = 2*q + 8, 4*j - 7*j + 158 = -5*q. List the prime factors of j.
2, 23
Suppose -p = 4*f - 220, 2*f - 4*p + 2*p = 110. List the prime factors of f.
5, 11
Let k be (-2)/(-4) - (-21)/14. Suppose -k*h = -4*h + 8. Suppose -14 = -h*y + 10. What are the prime factors of y?
2, 3
Let t be (-2)/9 + (-42)/54. What are the prime factors of (-8 + 3)/(t/3)?
3, 5
Suppose 0 - 9 = -3*c. Let s(d) = -d**2 - 2*d**2 - d**3 + 10*d**2 + 8 - 7*d + 0*d**c. What are the prime factors of s(6)?
2
Suppose -3*x - q + 0*q = -23, 2 = 2*x - 2*q. Let g(j) = 3*j - 5. Let u be g(x). Suppose -3*d + 12 = 0, d + u = 5*n - 8. What are the prime factors of n?
5
Suppose b = -5*x + 10, 3*x + b - 3 - 5 = 0. Let l = 1 - x. Suppose l = -5*j - m + 21, 2*m + 29 = 5*j + 11. What are the prime factors of j?
2
Suppose -2*l + v - 8 = -3*l, -l - 5*v = 0. What are the prime factors of l?
2, 5
Suppose 4*l + 3*c = 2, c + 3*c = 3*l + 11. Let s be (-2)/8 + l/(-4). Suppose s = 5*x + 15, -4*d - 5*x + 2 = -7. What are the prime factors of d?
2, 3
Let f(r) = -r**2 - 11*r - 7. Suppose -5*z - 4*n - 45 = -5, 4*n - 24 = 3*z. List the prime factors of f(z).
17
Let t(r) be the first derivative of -9*r**4/4 - 2*r**3/3 + r + 3. What are the prime factors of t(-1)?
2
Suppose -3*d + 3 = 0, 2*z = 5*d - 9 - 0. What are the prime factors of (1 + z)*(2 + -13)?
11
Suppose -j - 7*k = -4*k - 37, 0 = 5*j + 2*k - 146. Let q = j - -2. What are the prime factors of q?
2, 3, 5
Suppose -4*f - 7 = -147. Let g = -20 - 3. Let t = g + f. What are the prime factors of t?
2, 3
Suppose 0 = 3*c - 27 - 270. List the prime factors of c.
3, 11
Suppose 0*y + 21 = 3*y. Let a = 20 - y. List the prime factors of a.
13
Suppose 5*g = 2*g + 153. Suppose -f = -4*f + g. What are the prime factors of f?
17
Suppose -3*n - 3 = -6*n. Let x(v) = 4*v**2 - v + 1. What are the prime factors of x(n)?
2
What are the prime factors of (-20)/(-10)*(-17)/(-2)?
17
Suppose 13 = 12*j + j. Let w be 10/14 - (-2)/7. What are the prime factors of w/(-2)*-8*j?
2
Suppose 2*l - 264 = -l. List the prime factors of l.
2, 11
Let i(s) = -s**2 - 9*s - 6. Let q(x) = 3*x + 1. Let p = 3 + -6. Let v be q(p). What are the prime factors of i(v)?
2
Let n(j) be the first derivative of -j**2/2 + 5*j - 1. What are the prime factors of n(-7)?
2, 3
Let r(g) = g - 9. Let u be r(12). Let s = u + 4. List the prime factors of s.
7
Suppose 4*f = -2*g + 4, -3*f + 5 = 5*g - 5. Suppose 5*q - 2*q = -4*w + 26, f = -5*w - 3*q + 34. What are the prime factors of w?
2
Suppose 3 + 5 = 2*t + 5*y, -5*t = y - 20. Suppose 26 = 2*v + 4*q, 0 = v + 4*v + t*q - 35. Suppose -3*l = v, 3*i + i - 4*l = 44. List the prime factors of i.
2, 5
Let i be 82/8 - 1/4. Suppose -2 = 2*v - i. List the prime factors of v.
2
List the prime factors of 16/12*(-2 + 20).
2, 3
Let n(s) = s + 10. Let v be n(-8). Suppose -32 = -5*m + w, 0 = -0*m - v*m + 3*w + 5. Suppose -z = -2*z + m. What are the prime factors of z?
7
Let s(a) = 14*a + 1. Let m be s(1). Let d = m + -21. What are the prime factors of (-48)/(-18) - (-4)/d?
2
Suppose 10 = 6*k - k. Suppose -k*c = -4*c. Suppose c = 5*t - 5*i - 110, -2*i = t - 1 - 9. List the prime factors of t.
2, 3
List the prime factors of 63*(72/21)/4.
2, 3
Let u = -13 - -34. Suppose 3*x - u = 6*a - 3*a, 0 = 3*a + 15. Suppose 4*z - 14 = -x*w + 4*w, -3*w = 9. List the prime factors of z.
2
Suppose -8*f + 3*f + 15 = 0. Suppose -2*o - 17 = -f*t, -5*t - 4*o + 5 - 6 = 0. List the prime factors of t.
3
Let x = -88 - -90. Suppose 2*w + 336 = 6*w. Suppose -w = -2*l - x*l. What are the prime factors of l?
3, 7
Let a(u) = -u**3 + 3*u**2 + 2*u - 1. Let w be (-2 - -3)/((-2)/(-6)). Let j be a(w). Suppose 4*q = j*q - 9. List the prime factors of q.
3
Suppose -2*v + 232 = -2*c, 108 = -v + 2*v + 3*c. List the prime factors of v.
2, 3, 19
Suppose p + 5 - 38 = -5*i, i - p - 9 = 0. List the prime factors of i.
7
Let w be -2*((-3)/(-6) + -3). Suppose 0 = -w*d + 8 + 72. Suppose 0 = -3*j + j + d. List the prime factors of j.
2
What are the prime factors of ((-54)/(-45))/((-1)/(-500)*3)?
2, 5
Let k(b) = -b**3 + 6*b**2 + 8*b - 9. Let o be k(7). Let t be (12 - o)/(2/(-3)). Let y = -10 - t. List the prime factors of y.
11
Let a(r) = r**3 + 12*r**2 - r - 10. What are the prime factors of a(-12)?
2
Let g = 13 + -10. Suppose g*j - 7*j = -104. List the prime factors of j.
2, 13
Let l be (2/(-1))/(1/(-1)). Let n be l/7 - 24/(-14). What are the prime factors of (-1 + -1)*(-11)/n?
11
Suppose -j + r + 22 = 0, -5*j + 0*j - 5*r + 90 = 0. What are the prime factors of j?
2, 5
Suppose -t - 223 = -5*v - 605, 0 = -3*v. What are the prime factors of t?
2, 